{"id":6926,"date":"2025-06-01T01:53:06","date_gmt":"2025-06-01T01:53:06","guid":{"rendered":"https:\/\/new.edenartgallery.ma\/?post_type=portfolio&#038;p=6926"},"modified":"2025-10-11T14:43:14","modified_gmt":"2025-10-11T14:43:14","slug":"traversees-30-ans-de-creation-un-voyage-dans-limaginaire-de-monia-touiss-2","status":"publish","type":"portfolio","link":"https:\/\/edenartgallery.ma\/en\/portfolio\/traversees-30-ans-de-creation-un-voyage-dans-limaginaire-de-monia-touiss-2\/","title":{"rendered":"La m\u00e9tamorphose comme acte de r\u00e9v\u00e9lation"},"content":{"rendered":"<figure class=\"wp-block-gallery has-nested-images columns-default is-cropped wp-block-gallery-1 is-layout-flex wp-block-gallery-is-layout-flex\">\n<figure class=\"wp-block-image size-large\"><img loading=\"lazy\" decoding=\"async\" width=\"1024\" height=\"741\" data-id=\"7269\" src=\"https:\/\/edenartgallery.ma\/wp-content\/uploads\/2025\/06\/Capture-decran-2025-10-06-a-15.46.36-1024x741.png\" alt=\"\" class=\"wp-image-7269\" srcset=\"https:\/\/edenartgallery.ma\/wp-content\/uploads\/2025\/06\/Capture-decran-2025-10-06-a-15.46.36-1024x741.png 1024w, https:\/\/edenartgallery.ma\/wp-content\/uploads\/2025\/06\/Capture-decran-2025-10-06-a-15.46.36-300x217.png 300w, https:\/\/edenartgallery.ma\/wp-content\/uploads\/2025\/06\/Capture-decran-2025-10-06-a-15.46.36-768x556.png 768w, https:\/\/edenartgallery.ma\/wp-content\/uploads\/2025\/06\/Capture-decran-2025-10-06-a-15.46.36-1536x1112.png 1536w, https:\/\/edenartgallery.ma\/wp-content\/uploads\/2025\/06\/Capture-decran-2025-10-06-a-15.46.36-18x12.png 18w, https:\/\/edenartgallery.ma\/wp-content\/uploads\/2025\/06\/Capture-decran-2025-10-06-a-15.46.36.png 1984w\" sizes=\"auto, (max-width: 1024px) 100vw, 1024px\" \/><\/figure>\n<\/figure>\n\n\n\n<div class=\"wp-block-buttons is-layout-flex wp-block-buttons-is-layout-flex\">\n<div class=\"wp-block-button has-custom-width wp-block-button__width-100 is-style-fill\"><a class=\"wp-block-button__link has-medium-font-size has-custom-font-size wp-element-button\" href=\"https:\/\/www.bayane.ma\/pdf\/du07102025fr.pdf\" style=\"border-radius:21px\" target=\"_blank\" rel=\"noreferrer noopener\">Source<\/a><\/div>\n<\/div>\n\n\n\n<p><\/p>","protected":false},"featured_media":7270,"template":"","class_list":["post-6926","portfolio","type-portfolio","status-publish","has-post-thumbnail","hentry"],"_links":{"self":[{"href":"https:\/\/edenartgallery.ma\/en\/wp-json\/wp\/v2\/portfolio\/6926","targetHints":{"allow":["GET"]}}],"collection":[{"href":"https:\/\/edenartgallery.ma\/en\/wp-json\/wp\/v2\/portfolio"}],"about":[{"href":"https:\/\/edenartgallery.ma\/en\/wp-json\/wp\/v2\/types\/portfolio"}],"wp:featuredmedia":[{"embeddable":true,"href":"https:\/\/edenartgallery.ma\/en\/wp-json\/wp\/v2\/media\/7270"}],"wp:attachment":[{"href":"https:\/\/edenartgallery.ma\/en\/wp-json\/wp\/v2\/media?parent=6926"}],"curies":[{"name":"wp","href":"https:\/\/api.w.org\/{rel}","templated":true}]}}

La métamorphose comme acte de révélation
