{"id":6923,"date":"2025-06-01T01:47:03","date_gmt":"2025-06-01T01:47:03","guid":{"rendered":"https:\/\/new.edenartgallery.ma\/?post_type=portfolio&#038;p=6923"},"modified":"2025-06-01T01:47:22","modified_gmt":"2025-06-01T01:47:22","slug":"monia-touiss-traversees-devenir-peintre-2","status":"publish","type":"portfolio","link":"https:\/\/edenartgallery.ma\/en\/portfolio\/monia-touiss-traversees-devenir-peintre-2\/","title":{"rendered":"Monia Touiss: Travers\u00e9es; devenir peintre"},"content":{"rendered":"<p>Monia Touiss,<\/p>\n\n\n\n<p>Travers\u00e9es; devenir peintre, c\u2019est peut-\u00eatre commencer, \u00e0 chaque moment, \u00e0 traverser l\u2019histoire de l\u2019art et celle de la peinture. Quand on fait ses classes, comme Monia Touiss, aux Beaux-Arts de T\u00e9touan, sa premi\u00e8re \u00e9cole est d\u2019abord celle de l\u2019acad\u00e9misme. Con\u00e7ue initialement comme une prop\u00e9deutique aux \u00e9coles des Beaux-Arts espagnols, l\u2019\u00c9cole des Beaux-Arts de T\u00e9touan \u2013 qui deviendra un an apr\u00e8s que Monia Touiss eut obtenu son dipl\u00f4me en 1992, Institut National \u2013, transmet un enseignement canonique, dans l\u2019esprit de son fondateur Mariano Bertuchi. Dessin d\u2019apr\u00e8s mod\u00e8les, connaissance des justes proportions, mais surtout apprentissage empirique de la peinture en ext\u00e9rieur, sur le motif. Avant d\u2019adopter l\u2019abstraction lyrique et le genre du portrait auxquels on associe volontiers aujourd\u2019hui son travail, l\u2019artiste commence par peindre des paysages, d\u2019apr\u00e8s nature. L\u2019observation est de rigueur. Une attention de chaque instant est requise. T\u00e9touan est une ville montagneuse, soumise aux al\u00e9as climatiques. Le paysage y est en constante \u00e9volution. Sans doute sommes-nous proches de ce que les peintres-calligraphes chinois d\u00e9signent par les deux id\u00e9ogrammes \u00e9voquant une \u00ab montagne-eau \u00bb dont les transformations sont incessantes\u2026<\/p>\n\n\n\n<div class=\"wp-block-buttons is-layout-flex wp-block-buttons-is-layout-flex\">\n<div class=\"wp-block-button has-custom-width wp-block-button__width-100 is-style-fill\"><a class=\"wp-block-button__link has-medium-font-size has-custom-font-size wp-element-button\" href=\"https:\/\/femmesdumaroc.com\/inspiration\/culture\/hymne-a-leternel-feminin-de-faissal-ben-kiran-a-eden-art-gallery?fbclid=IwY2xjawGvWEpleHRuA2FlbQIxMQABHWcQA9qQ2JtIIInoLbptHAhhe3_Jr7hZS7FXAzh8HZsX2bKfDbvZL9tHYA_aem_vzhszwmIWAdCFLyZsaIckw\" style=\"border-radius:21px\" target=\"_blank\" rel=\"noreferrer noopener\">Source<\/a><\/div>\n<\/div>\n\n\n\n<p><\/p>","protected":false},"featured_media":6895,"template":"","class_list":["post-6923","portfolio","type-portfolio","status-publish","has-post-thumbnail","hentry"],"_links":{"self":[{"href":"https:\/\/edenartgallery.ma\/en\/wp-json\/wp\/v2\/portfolio\/6923","targetHints":{"allow":["GET"]}}],"collection":[{"href":"https:\/\/edenartgallery.ma\/en\/wp-json\/wp\/v2\/portfolio"}],"about":[{"href":"https:\/\/edenartgallery.ma\/en\/wp-json\/wp\/v2\/types\/portfolio"}],"wp:featuredmedia":[{"embeddable":true,"href":"https:\/\/edenartgallery.ma\/en\/wp-json\/wp\/v2\/media\/6895"}],"wp:attachment":[{"href":"https:\/\/edenartgallery.ma\/en\/wp-json\/wp\/v2\/media?parent=6923"}],"curies":[{"name":"wp","href":"https:\/\/api.w.org\/{rel}","templated":true}]}}

Monia Touiss: Traversées; devenir peintre

<p>Monia Touiss,</p>



<p>Traversées; devenir peintre, c’est peut-être commencer, à chaque moment, à traverser l’histoire de l’art et celle de la peinture. Quand on fait ses classes, comme Monia Touiss, aux Beaux-Arts de Tétouan, sa première école est d’abord celle de l’académisme. Conçue initialement comme une propédeutique aux écoles des Beaux-Arts espagnols, l’École des Beaux-Arts de Tétouan – qui deviendra un an après que Monia Touiss eut obtenu son diplôme en 1992, Institut National –, transmet un enseignement canonique, dans l’esprit de son fondateur Mariano Bertuchi. Dessin d’après modèles, connaissance des justes proportions, mais surtout apprentissage empirique de la peinture en extérieur, sur le motif. Avant d’adopter l’abstraction lyrique et le genre du portrait auxquels on associe volontiers aujourd’hui son travail, l’artiste commence par peindre des paysages, d’après nature. L’observation est de rigueur. Une attention de chaque instant est requise. Tétouan est une ville montagneuse, soumise aux aléas climatiques. Le paysage y est en constante évolution. Sans doute sommes-nous proches de ce que les peintres-calligraphes chinois désignent par les deux idéogrammes évoquant une « montagne-eau » dont les transformations sont incessantes…</p>



<div class="wp-block-buttons is-layout-flex wp-block-buttons-is-layout-flex">
<div class="wp-block-button has-custom-width wp-block-button__width-100 is-style-fill"><a class="wp-block-button__link has-medium-font-size has-custom-font-size wp-element-button" href="https://femmesdumaroc.com/inspiration/culture/hymne-a-leternel-feminin-de-faissal-ben-kiran-a-eden-art-gallery?fbclid=IwY2xjawGvWEpleHRuA2FlbQIxMQABHWcQA9qQ2JtIIInoLbptHAhhe3_Jr7hZS7FXAzh8HZsX2bKfDbvZL9tHYA_aem_vzhszwmIWAdCFLyZsaIckw" style="border-radius:21px" target="_blank" rel="noreferrer noopener">Source</a></div>
</div>



<p></p>
