{"id":6919,"date":"2025-06-01T01:38:34","date_gmt":"2025-06-01T01:38:34","guid":{"rendered":"https:\/\/new.edenartgallery.ma\/?post_type=portfolio&#038;p=6919"},"modified":"2025-06-01T01:38:34","modified_gmt":"2025-06-01T01:38:34","slug":"dalida-ben-cheffaj-leclosion-aboutie-dune-identite-artistique-2","status":"publish","type":"portfolio","link":"https:\/\/edenartgallery.ma\/en\/portfolio\/dalida-ben-cheffaj-leclosion-aboutie-dune-identite-artistique-2\/","title":{"rendered":"Dalida Ben Cheffaj : l\u2019\u00e9closion aboutie d\u2019une identit\u00e9 artistique"},"content":{"rendered":"<p>Trouver sa propre voix\/voie n\u2019est pas aussi ais\u00e9 qu\u2019on le croit. Lorsqu\u2019en plus, on a grandi sous l\u2019ombre d\u2019un parent artiste renomm\u00e9, l\u2019entreprise peut s\u2019av\u00e9rer d\u00e9courageante. Mais pour Dalida Ben Cheffaj, cette qu\u00eate de singularit\u00e9 a \u00e9t\u00e9 \u00e0 la fois un chemin parsem\u00e9 d\u2019\u00e9preuves et une exploration jouissive de son identit\u00e9 artistique. Pour sa premi\u00e8re exposition casablancaise, elle se joint aux artistes Esther Martinez Recuero et Rita Benjelloun, pour parer de beaut\u00e9 les murs de l\u2019Eden Art Gallery. Le vernissage de l\u2019expo \u00ab Le temps d\u2019un instant \u00bb a lieu le 25 avril\u2026<\/p>\n\n\n\n<div class=\"wp-block-buttons is-layout-flex wp-block-buttons-is-layout-flex\">\n<div class=\"wp-block-button has-custom-width wp-block-button__width-100\"><a class=\"wp-block-button__link wp-element-button\" href=\"https:\/\/lematin.ma\/culture\/dalida-ben-cheffaj-leclosion-aboutie-dune-identite-artistique\/222728\" target=\"_blank\" rel=\"noreferrer noopener\">Source<\/a><\/div>\n<\/div>\n\n\n\n<p><\/p>","protected":false},"featured_media":6891,"template":"","class_list":["post-6919","portfolio","type-portfolio","status-publish","has-post-thumbnail","hentry"],"_links":{"self":[{"href":"https:\/\/edenartgallery.ma\/en\/wp-json\/wp\/v2\/portfolio\/6919","targetHints":{"allow":["GET"]}}],"collection":[{"href":"https:\/\/edenartgallery.ma\/en\/wp-json\/wp\/v2\/portfolio"}],"about":[{"href":"https:\/\/edenartgallery.ma\/en\/wp-json\/wp\/v2\/types\/portfolio"}],"wp:featuredmedia":[{"embeddable":true,"href":"https:\/\/edenartgallery.ma\/en\/wp-json\/wp\/v2\/media\/6891"}],"wp:attachment":[{"href":"https:\/\/edenartgallery.ma\/en\/wp-json\/wp\/v2\/media?parent=6919"}],"curies":[{"name":"wp","href":"https:\/\/api.w.org\/{rel}","templated":true}]}}

Dalida Ben Cheffaj : l’éclosion aboutie d’une identité artistique

<p>Trouver sa propre voix/voie n’est pas aussi aisé qu’on le croit. Lorsqu’en plus, on a grandi sous l’ombre d’un parent artiste renommé, l’entreprise peut s’avérer décourageante. Mais pour Dalida Ben Cheffaj, cette quête de singularité a été à la fois un chemin parsemé d’épreuves et une exploration jouissive de son identité artistique. Pour sa première exposition casablancaise, elle se joint aux artistes Esther Martinez Recuero et Rita Benjelloun, pour parer de beauté les murs de l’Eden Art Gallery. Le vernissage de l’expo « Le temps d’un instant » a lieu le 25 avril…</p>



<div class="wp-block-buttons is-layout-flex wp-block-buttons-is-layout-flex">
<div class="wp-block-button has-custom-width wp-block-button__width-100"><a class="wp-block-button__link wp-element-button" href="https://lematin.ma/culture/dalida-ben-cheffaj-leclosion-aboutie-dune-identite-artistique/222728" target="_blank" rel="noreferrer noopener">Source</a></div>
</div>



<p></p>
