{"id":6914,"date":"2025-05-28T17:01:47","date_gmt":"2025-05-28T17:01:47","guid":{"rendered":"https:\/\/new.edenartgallery.ma\/?post_type=portfolio&#038;p=6914"},"modified":"2025-05-28T17:01:48","modified_gmt":"2025-05-28T17:01:48","slug":"margaux-derhy-au-fil-de-la-broderie-2","status":"publish","type":"portfolio","link":"https:\/\/edenartgallery.ma\/en\/portfolio\/margaux-derhy-au-fil-de-la-broderie-2\/","title":{"rendered":"Margaux Derhy, au fil de la broderie"},"content":{"rendered":"<p>L\u2019artiste Margaux Derhy, met au jour l\u2019art ancestral de la broderie \u00e0 travers l\u2019exposition collective D\u2019une rive \u00e0 l\u2019autre, pr\u00e9sent\u00e9e \u00e0 la galerie\u00a0<strong>EdenArt<\/strong>\u00a0\u00e0 Casablanca. Passionn\u00e9e, inspir\u00e9e, elle a r\u00e9alis\u00e9 des \u0153uvres oscillant entre grands et petits formats, pens\u00e9es sur le tissu et les couleurs en collaboration avec des brodeuses de talent au Maroc. Sign\u00e9 par le curateur Achraf Remok, ce duo show qui r\u00e9unit Margaux Derhy et l\u2019artiste Ayoub Amrani est \u00e0 d\u00e9couvrir jusqu\u2019au 30 juillet prochain.<\/p>\n\n\n\n<div class=\"wp-block-buttons is-layout-flex wp-block-buttons-is-layout-flex\">\n<div class=\"wp-block-button has-custom-width wp-block-button__width-100\"><a class=\"wp-block-button__link wp-element-button\" href=\"https:\/\/h24info.ma\/margaux-derhy-au-fil-de-la-broderie\/\" target=\"_blank\" rel=\"noreferrer noopener\">Source<\/a><\/div>\n<\/div>\n\n\n\n<p><\/p>","protected":false},"featured_media":6890,"template":"","class_list":["post-6914","portfolio","type-portfolio","status-publish","has-post-thumbnail","hentry"],"_links":{"self":[{"href":"https:\/\/edenartgallery.ma\/en\/wp-json\/wp\/v2\/portfolio\/6914","targetHints":{"allow":["GET"]}}],"collection":[{"href":"https:\/\/edenartgallery.ma\/en\/wp-json\/wp\/v2\/portfolio"}],"about":[{"href":"https:\/\/edenartgallery.ma\/en\/wp-json\/wp\/v2\/types\/portfolio"}],"wp:featuredmedia":[{"embeddable":true,"href":"https:\/\/edenartgallery.ma\/en\/wp-json\/wp\/v2\/media\/6890"}],"wp:attachment":[{"href":"https:\/\/edenartgallery.ma\/en\/wp-json\/wp\/v2\/media?parent=6914"}],"curies":[{"name":"wp","href":"https:\/\/api.w.org\/{rel}","templated":true}]}}

<p>L’artiste Margaux Derhy, met au jour l’art ancestral de la broderie à travers l’exposition collective D’une rive à l’autre, présentée à la galerie <strong>EdenArt</strong> à Casablanca. Passionnée, inspirée, elle a réalisé des œuvres oscillant entre grands et petits formats, pensées sur le tissu et les couleurs en collaboration avec des brodeuses de talent au Maroc. Signé par le curateur Achraf Remok, ce duo show qui réunit Margaux Derhy et l’artiste Ayoub Amrani est à découvrir jusqu’au 30 juillet prochain.</p>



<div class="wp-block-buttons is-layout-flex wp-block-buttons-is-layout-flex">
<div class="wp-block-button has-custom-width wp-block-button__width-100"><a class="wp-block-button__link wp-element-button" href="https://h24info.ma/margaux-derhy-au-fil-de-la-broderie/" target="_blank" rel="noreferrer noopener">Source</a></div>
</div>



<p></p>
