{"id":6911,"date":"2025-05-28T16:45:41","date_gmt":"2025-05-28T16:45:41","guid":{"rendered":"https:\/\/new.edenartgallery.ma\/?post_type=portfolio&#038;p=6911"},"modified":"2025-05-28T16:45:41","modified_gmt":"2025-05-28T16:45:41","slug":"exposition-terra-ou-quatre-artistes-questionnent-lenvironnement-2","status":"publish","type":"portfolio","link":"https:\/\/edenartgallery.ma\/en\/portfolio\/exposition-terra-ou-quatre-artistes-questionnent-lenvironnement-2\/","title":{"rendered":"Exposition \u00abTerra\u00bb ou quatre artistes questionnent l\u2019environnement"},"content":{"rendered":"<p>L\u2019espace culturel Eden Art Gallery organise en partenariat avec la Fondation BMCI, \u00abTerra\u00bb. Il s\u2019agit d\u2019un \u00e9v\u00e9nement culturel ax\u00e9 sur l\u2019environnement. Il propose une exposition r\u00e9v\u00e9lant la richesse des r\u00e9ponses port\u00e9es par les artistes aux probl\u00e9matiques \u00e9cologiques actuelles. \u00abTerra \u00e9voque la question de la protection de l\u2019environnement, de la biodiversit\u00e9 ou l\u2019utilisation de mat\u00e9riaux naturels\u00bb, expliquent les initiateurs. Dans ce sens, l\u2019exposition rassemble quatre jeunes artistes, \u00e0 savoir Fatima Boussaid, Yassine Chraibi, Saoussan Melehi et Nourddine Ouarhim. Ceux-ci cr\u00e9ent de nouvelles formes d\u2019expression faisant \u00e9cho au mouvement \u00e9cologique. \u00abIls utilisent des mat\u00e9riaux naturels, tels que le bois, la terre, etc. Ils participent \u00e0 construire un nouveau r\u00e9cit collectif, un nouvel imaginaire, patrimoine commun en d\u00e9veloppement, cadre positif, optimiste et essentiel\u00bb, indique-t-on\u2026<\/p>\n\n\n\n<div class=\"wp-block-buttons is-layout-flex wp-block-buttons-is-layout-flex\">\n<div class=\"wp-block-button has-custom-width wp-block-button__width-100 is-style-fill\"><a class=\"wp-block-button__link has-medium-font-size has-custom-font-size wp-element-button\" href=\"https:\/\/aujourdhui.ma\/culture\/exposition-terra-ou-quatre-artistes-questionnent-lenvironnement\" style=\"border-radius:21px\" target=\"_blank\" rel=\"noreferrer noopener\">Source<\/a><\/div>\n<\/div>\n\n\n\n<p><\/p>","protected":false},"featured_media":6889,"template":"","class_list":["post-6911","portfolio","type-portfolio","status-publish","has-post-thumbnail","hentry"],"_links":{"self":[{"href":"https:\/\/edenartgallery.ma\/en\/wp-json\/wp\/v2\/portfolio\/6911","targetHints":{"allow":["GET"]}}],"collection":[{"href":"https:\/\/edenartgallery.ma\/en\/wp-json\/wp\/v2\/portfolio"}],"about":[{"href":"https:\/\/edenartgallery.ma\/en\/wp-json\/wp\/v2\/types\/portfolio"}],"wp:featuredmedia":[{"embeddable":true,"href":"https:\/\/edenartgallery.ma\/en\/wp-json\/wp\/v2\/media\/6889"}],"wp:attachment":[{"href":"https:\/\/edenartgallery.ma\/en\/wp-json\/wp\/v2\/media?parent=6911"}],"curies":[{"name":"wp","href":"https:\/\/api.w.org\/{rel}","templated":true}]}}

<p>L’espace culturel Eden Art Gallery organise en partenariat avec la Fondation BMCI, «Terra». Il s’agit d’un événement culturel axé sur l’environnement. Il propose une exposition révélant la richesse des réponses portées par les artistes aux problématiques écologiques actuelles. «Terra évoque la question de la protection de l’environnement, de la biodiversité ou l’utilisation de matériaux naturels», expliquent les initiateurs. Dans ce sens, l’exposition rassemble quatre jeunes artistes, à savoir Fatima Boussaid, Yassine Chraibi, Saoussan Melehi et Nourddine Ouarhim. Ceux-ci créent de nouvelles formes d’expression faisant écho au mouvement écologique. «Ils utilisent des matériaux naturels, tels que le bois, la terre, etc. Ils participent à construire un nouveau récit collectif, un nouvel imaginaire, patrimoine commun en développement, cadre positif, optimiste et essentiel», indique-t-on…</p>



<div class="wp-block-buttons is-layout-flex wp-block-buttons-is-layout-flex">
<div class="wp-block-button has-custom-width wp-block-button__width-100 is-style-fill"><a class="wp-block-button__link has-medium-font-size has-custom-font-size wp-element-button" href="https://aujourdhui.ma/culture/exposition-terra-ou-quatre-artistes-questionnent-lenvironnement" style="border-radius:21px" target="_blank" rel="noreferrer noopener">Source</a></div>
</div>



<p></p>
